{"id":323,"date":"2018-07-06T14:49:15","date_gmt":"2018-07-06T14:49:15","guid":{"rendered":"http:\/\/www.kanneci.org\/yeni\/?page_id=323"},"modified":"2024-05-07T17:23:16","modified_gmt":"2024-05-07T14:23:16","slug":"duyurular","status":"publish","type":"page","link":"https:\/\/www.kanneci.org\/yeni\/duyurular\/","title":{"rendered":"Duyurular"},"content":{"rendered":"<p>Ahmet Kanneci, 18 Nisan 2024\u2019te \u0130stanbul Cemal Re\u015fit Rey Konser Salonu Fuaye Alan\u0131nda d\u00fczenlenecek olan Y\u00fczy\u0131l\u0131n Y\u00fczleri Program\u0131na kat\u0131lacak\u2026<\/p>\n<p><\/p>\n\n\n<figure class=\"wp-container-2 wp-block-gallery-1 wp-block-gallery has-nested-images columns-default is-cropped\">\n<figure class=\"wp-block-image size-large\"><a href=\"https:\/\/www.kanneci.org\/yeni\/wp-content\/uploads\/2024\/05\/IMG_2908-1.jpeg\"><img loading=\"lazy\" width=\"225\" height=\"225\" data-id=\"424\"  src=\"https:\/\/www.kanneci.org\/yeni\/wp-content\/uploads\/2024\/05\/IMG_2908-1.jpeg\" alt=\"\" class=\"wp-image-424\" srcset=\"https:\/\/www.kanneci.org\/yeni\/wp-content\/uploads\/2024\/05\/IMG_2908-1.jpeg 225w, https:\/\/www.kanneci.org\/yeni\/wp-content\/uploads\/2024\/05\/IMG_2908-1-150x150.jpeg 150w\" sizes=\"(max-width: 225px) 100vw, 225px\" \/><\/a><\/figure>\n\n\n\n<figure class=\"wp-block-image size-large\"><a href=\"https:\/\/www.kanneci.org\/yeni\/ocak-2024-centro-culturale-musicale-antonio-lauro\/\"><img loading=\"lazy\" width=\"311\" height=\"162\" data-id=\"422\"  src=\"https:\/\/www.kanneci.org\/yeni\/wp-content\/uploads\/2024\/05\/IMG_2912.jpeg\" alt=\"\" class=\"wp-image-422\" srcset=\"https:\/\/www.kanneci.org\/yeni\/wp-content\/uploads\/2024\/05\/IMG_2912.jpeg 311w, https:\/\/www.kanneci.org\/yeni\/wp-content\/uploads\/2024\/05\/IMG_2912-300x156.jpeg 300w\" sizes=\"(max-width: 311px) 100vw, 311px\" \/><\/a><\/figure>\n\n\n\n<figure class=\"wp-block-image size-large\"><a href=\"https:\/\/www.kanneci.org\/yeni\/kanneci-ertan-resitali-2020\/\"><img loading=\"lazy\" width=\"201\" height=\"251\" data-id=\"423\"  src=\"https:\/\/www.kanneci.org\/yeni\/wp-content\/uploads\/2024\/05\/IMG_2911.jpeg\" alt=\"\" class=\"wp-image-423\"\/><\/a><\/figure>\n<\/figure>\n","protected":false},"excerpt":{"rendered":"<p>Ahmet Kanneci, 18 Nisan 2024\u2019te \u0130stanbul Cemal Re\u015fit Rey Konser Salonu Fuaye Alan\u0131nda d\u00fczenlenecek olan Y\u00fczy\u0131l\u0131n Y\u00fczleri Program\u0131na kat\u0131lacak\u2026<\/p>\n","protected":false},"author":1,"featured_media":0,"parent":0,"menu_order":0,"comment_status":"open","ping_status":"closed","template":"","meta":[],"_links":{"self":[{"href":"https:\/\/www.kanneci.org\/yeni\/wp-json\/wp\/v2\/pages\/323"}],"collection":[{"href":"https:\/\/www.kanneci.org\/yeni\/wp-json\/wp\/v2\/pages"}],"about":[{"href":"https:\/\/www.kanneci.org\/yeni\/wp-json\/wp\/v2\/types\/page"}],"author":[{"embeddable":true,"href":"https:\/\/www.kanneci.org\/yeni\/wp-json\/wp\/v2\/users\/1"}],"replies":[{"embeddable":true,"href":"https:\/\/www.kanneci.org\/yeni\/wp-json\/wp\/v2\/comments?post=323"}],"version-history":[{"count":5,"href":"https:\/\/www.kanneci.org\/yeni\/wp-json\/wp\/v2\/pages\/323\/revisions"}],"predecessor-version":[{"id":458,"href":"https:\/\/www.kanneci.org\/yeni\/wp-json\/wp\/v2\/pages\/323\/revisions\/458"}],"wp:attachment":[{"href":"https:\/\/www.kanneci.org\/yeni\/wp-json\/wp\/v2\/media?parent=323"}],"curies":[{"name":"wp","href":"https:\/\/api.w.org\/{rel}","templated":true}]}}

<p>Ahmet Kanneci, 18 Nisan 2024’te İstanbul Cemal Reşit Rey Konser Salonu Fuaye Alanında düzenlenecek olan Yüzyılın Yüzleri Programına katılacak…</p>
<p></p>


<figure class="wp-container-2 wp-block-gallery-1 wp-block-gallery has-nested-images columns-default is-cropped">
<figure class="wp-block-image size-large"><a href="https://www.kanneci.org/yeni/wp-content/uploads/2024/05/IMG_2908-1.jpeg"><img loading="lazy" width="225" height="225" data-id="424"  src="https://www.kanneci.org/yeni/wp-content/uploads/2024/05/IMG_2908-1.jpeg" alt="" class="wp-image-424" srcset="https://www.kanneci.org/yeni/wp-content/uploads/2024/05/IMG_2908-1.jpeg 225w, https://www.kanneci.org/yeni/wp-content/uploads/2024/05/IMG_2908-1-150x150.jpeg 150w" sizes="(max-width: 225px) 100vw, 225px" /></a></figure>



<figure class="wp-block-image size-large"><a href="https://www.kanneci.org/yeni/ocak-2024-centro-culturale-musicale-antonio-lauro/"><img loading="lazy" width="311" height="162" data-id="422"  src="https://www.kanneci.org/yeni/wp-content/uploads/2024/05/IMG_2912.jpeg" alt="" class="wp-image-422" srcset="https://www.kanneci.org/yeni/wp-content/uploads/2024/05/IMG_2912.jpeg 311w, https://www.kanneci.org/yeni/wp-content/uploads/2024/05/IMG_2912-300x156.jpeg 300w" sizes="(max-width: 311px) 100vw, 311px" /></a></figure>



<figure class="wp-block-image size-large"><a href="https://www.kanneci.org/yeni/kanneci-ertan-resitali-2020/"><img loading="lazy" width="201" height="251" data-id="423"  src="https://www.kanneci.org/yeni/wp-content/uploads/2024/05/IMG_2911.jpeg" alt="" class="wp-image-423"/></a></figure>
</figure>

<p>Ahmet Kanneci, 18 Nisan 2024’te İstanbul Cemal Reşit Rey Konser Salonu Fuaye Alanında düzenlenecek olan Yüzyılın Yüzleri Programına katılacak…</p>
